{"id":135,"date":"2024-03-11T17:53:00","date_gmt":"2024-03-11T17:53:00","guid":{"rendered":"https:\/\/www.apagayvamonos.com\/?page_id=135"},"modified":"2024-03-11T17:54:50","modified_gmt":"2024-03-11T17:54:50","slug":"aviso-legal","status":"publish","type":"page","link":"https:\/\/www.apagayvamonos.com\/index.php\/inicio\/aviso-legal\/","title":{"rendered":"Aviso Legal"},"content":{"rendered":"\n<p>En cumplimiento de lo previsto en la Ley 34\/2002, de 11 de julio, de Servicios de la Sociedad de la Informaci\u00f3n y de Comercio Electr\u00f3nico, y el Reglamento General de Protecci\u00f3n de Datos (RGPD) de 25 de mayo de 2016, el sitio web\u00a0<a href=\"https:\/\/www.apagayvamonos.com\" target=\"_blank\" rel=\"noreferrer noopener\">https:\/\/apagayvamonos.com<\/a>\u00a0es propiedad de <em>Proyecto Apaga y V\u00e1monos<\/em>, con domicilio a efectos de notificaciones en C\/Angustias 44, CIF 4700000E y correo electr\u00f3nico proyectoapagayvamonos@gmail.com.<\/p>\n\n\n\n<p>El presente documento tiene como finalidad establecer y regular las normas de uso de la web y de nuestros servicios.<\/p>\n\n\n\n<p>Es condici\u00f3n previa indispensable y obligatoria para poder beneficiarse de los servicios de la web la aceptaci\u00f3n de las condiciones generales recogidas en el presente aviso legal por parte del usuario, por lo que deber\u00e1 de ser consciente de la importancia de leerlas cada vez que visite la Web.<\/p>\n\n\n\n<p>El usuario declara, bajo su responsabilidad, haber le\u00eddo las presentes Condiciones generales de uso del Portal \u00edntegramente, y aceptarlas. <em>Proyecto Apaga y V\u00e1monos<\/em> se reserva el derecho a ejercer cuantas acciones est\u00e9n disponibles en derecho para exigir las responsabilidades que se deriven del incumplimiento de cualquiera de las disposiciones de estas.<\/p>\n\n\n\n<p>El usuario puede acceder, imprimir, descargar y guardar las Condiciones Generales en todo momento. Estas Condiciones estar\u00e1n permanentemente accesibles en el sitio web a trav\u00e9s de esta p\u00e1gina o a trav\u00e9s del enlace que dirige a ella:\u00a0<a href=\"https:\/\/www.apagayvamonos.com\/index.php\/aviso-legal\/\" target=\"_blank\" rel=\"noreferrer noopener\">Aviso legal<\/a>.<\/p>\n","protected":false},"excerpt":{"rendered":"<p>En cumplimiento de lo previsto en la Ley 34\/2002, de 11 de julio, de Servicios de la Sociedad de la [&hellip;]<\/p>\n","protected":false},"author":1,"featured_media":0,"parent":14,"menu_order":0,"comment_status":"closed","ping_status":"closed","template":"","meta":{"site-sidebar-layout":"default","site-content-layout":"","ast-site-content-layout":"default","site-content-style":"default","site-sidebar-style":"default","ast-global-header-display":"","ast-banner-title-visibility":"","ast-main-header-display":"","ast-hfb-above-header-display":"","ast-hfb-below-header-display":"","ast-hfb-mobile-header-display":"","site-post-title":"","ast-breadcrumbs-content":"","ast-featured-img":"","footer-sml-layout":"","ast-disable-related-posts":"","theme-transparent-header-meta":"","adv-header-id-meta":"","stick-header-meta":"","header-above-stick-meta":"","header-main-stick-meta":"","header-below-stick-meta":"","astra-migrate-meta-layouts":"default","ast-page-background-enabled":"default","ast-page-background-meta":{"desktop":{"background-color":"var(--ast-global-color-4)","background-image":"","background-repeat":"repeat","background-position":"center center","background-size":"auto","background-attachment":"scroll","background-type":"","background-media":"","overlay-type":"","overlay-color":"","overlay-opacity":"","overlay-gradient":""},"tablet":{"background-color":"","background-image":"","background-repeat":"repeat","background-position":"center center","background-size":"auto","background-attachment":"scroll","background-type":"","background-media":"","overlay-type":"","overlay-color":"","overlay-opacity":"","overlay-gradient":""},"mobile":{"background-color":"","background-image":"","background-repeat":"repeat","background-position":"center center","background-size":"auto","background-attachment":"scroll","background-type":"","background-media":"","overlay-type":"","overlay-color":"","overlay-opacity":"","overlay-gradient":""}},"ast-content-background-meta":{"desktop":{"background-color":"var(--ast-global-color-5)","background-image":"","background-repeat":"repeat","background-position":"center center","background-size":"auto","background-attachment":"scroll","background-type":"","background-media":"","overlay-type":"","overlay-color":"","overlay-opacity":"","overlay-gradient":""},"tablet":{"background-color":"var(--ast-global-color-5)","background-image":"","background-repeat":"repeat","background-position":"center center","background-size":"auto","background-attachment":"scroll","background-type":"","background-media":"","overlay-type":"","overlay-color":"","overlay-opacity":"","overlay-gradient":""},"mobile":{"background-color":"var(--ast-global-color-5)","background-image":"","background-repeat":"repeat","background-position":"center center","background-size":"auto","background-attachment":"scroll","background-type":"","background-media":"","overlay-type":"","overlay-color":"","overlay-opacity":"","overlay-gradient":""}},"footnotes":""},"_links":{"self":[{"href":"https:\/\/www.apagayvamonos.com\/index.php\/wp-json\/wp\/v2\/pages\/135"}],"collection":[{"href":"https:\/\/www.apagayvamonos.com\/index.php\/wp-json\/wp\/v2\/pages"}],"about":[{"href":"https:\/\/www.apagayvamonos.com\/index.php\/wp-json\/wp\/v2\/types\/page"}],"author":[{"embeddable":true,"href":"https:\/\/www.apagayvamonos.com\/index.php\/wp-json\/wp\/v2\/users\/1"}],"replies":[{"embeddable":true,"href":"https:\/\/www.apagayvamonos.com\/index.php\/wp-json\/wp\/v2\/comments?post=135"}],"version-history":[{"count":2,"href":"https:\/\/www.apagayvamonos.com\/index.php\/wp-json\/wp\/v2\/pages\/135\/revisions"}],"predecessor-version":[{"id":137,"href":"https:\/\/www.apagayvamonos.com\/index.php\/wp-json\/wp\/v2\/pages\/135\/revisions\/137"}],"up":[{"embeddable":true,"href":"https:\/\/www.apagayvamonos.com\/index.php\/wp-json\/wp\/v2\/pages\/14"}],"wp:attachment":[{"href":"https:\/\/www.apagayvamonos.com\/index.php\/wp-json\/wp\/v2\/media?parent=135"}],"curies":[{"name":"wp","href":"https:\/\/api.w.org\/{rel}","templated":true}]}}