{"id":290,"date":"2024-10-08T06:30:57","date_gmt":"2024-10-08T06:30:57","guid":{"rendered":"https:\/\/www.apagayvamonos.com\/?page_id=290"},"modified":"2026-03-10T19:06:48","modified_gmt":"2026-03-10T19:06:48","slug":"concursos","status":"publish","type":"page","link":"https:\/\/www.apagayvamonos.com\/index.php\/concursos\/","title":{"rendered":"Concursos realizados en el proyecto llevado a cabo en Boecillo durante el a\u00f1o 2024"},"content":{"rendered":"\n<p>Con la finalidad de seguir adquiriendo conocimientos sobre el uso responsables de las tecnolog\u00edas de la informaci\u00f3n y la comunicaci\u00f3n y la prevenci\u00f3n de los efectos perjudiciales que puede ocasionar un abuso, un uso irresponsable o un uso a edades muy tempranas, os proponemos el siguiente concurso.<\/p>\n\n\n\n<p>Es muy sencillo, consiste en la visualizaci\u00f3n de unos v\u00eddeos y responder posteriormente a una serie de cuestiones relativas a lo que vais a ver en los mismos, \u00a1y podr\u00e9is participar en el sorteo de premios!<\/p>\n\n\n\n<p>Para las familias tenemos para el sorteo un lote de productos de comercio justo valorado en m\u00e1s de 50\u20ac entre aquellos que participen y contesten correctamente al cuestionario:<\/p>\n\n\n\n<figure class=\"wp-block-image aligncenter size-large is-resized\"><img loading=\"lazy\" decoding=\"async\" width=\"768\" height=\"1024\" src=\"https:\/\/www.apagayvamonos.com\/wp-content\/uploads\/2024\/10\/Lote-sorteo-padres-768x1024.jpg\" alt=\"\" class=\"wp-image-303\" style=\"width:400px;height:auto\" srcset=\"https:\/\/www.apagayvamonos.com\/wp-content\/uploads\/2024\/10\/Lote-sorteo-padres-768x1024.jpg 768w, https:\/\/www.apagayvamonos.com\/wp-content\/uploads\/2024\/10\/Lote-sorteo-padres-225x300.jpg 225w, https:\/\/www.apagayvamonos.com\/wp-content\/uploads\/2024\/10\/Lote-sorteo-padres-1152x1536.jpg 1152w, https:\/\/www.apagayvamonos.com\/wp-content\/uploads\/2024\/10\/Lote-sorteo-padres-1536x2048.jpg 1536w, https:\/\/www.apagayvamonos.com\/wp-content\/uploads\/2024\/10\/Lote-sorteo-padres-scaled.jpg 1920w\" sizes=\"(max-width: 768px) 100vw, 768px\" \/><\/figure>\n\n\n\n<p><\/p>\n\n\n\n<p>Para los y las menores que quer\u00e1is participar por vuestra cuenta, en el cuestionario de 13 a 16 a\u00f1os, tenemos para el sorteo unos fant\u00e1sticos cascos de la marca JVC \u00faltimo modelo:<\/p>\n\n\n\n<div class=\"wp-block-columns is-layout-flex wp-container-core-columns-layout-2 wp-block-columns-is-layout-flex\">\n<div class=\"wp-block-column is-layout-flow wp-block-column-is-layout-flow\" style=\"flex-basis:50%\">\n<div class=\"wp-block-columns is-layout-flex wp-container-core-columns-layout-1 wp-block-columns-is-layout-flex\">\n<div class=\"wp-block-column is-layout-flow wp-block-column-is-layout-flow\" style=\"flex-basis:100%\">\n<figure class=\"wp-block-gallery has-nested-images columns-default is-cropped wp-block-gallery-1 is-layout-flex wp-block-gallery-is-layout-flex\">\n<figure class=\"wp-block-image size-large\"><img loading=\"lazy\" decoding=\"async\" width=\"768\" height=\"1024\" src=\"https:\/\/www.apagayvamonos.com\/wp-content\/uploads\/2024\/10\/Cascos-JVC-768x1024.jpg\" alt=\"\" class=\"wp-image-307\" srcset=\"https:\/\/www.apagayvamonos.com\/wp-content\/uploads\/2024\/10\/Cascos-JVC-768x1024.jpg 768w, https:\/\/www.apagayvamonos.com\/wp-content\/uploads\/2024\/10\/Cascos-JVC-225x300.jpg 225w, https:\/\/www.apagayvamonos.com\/wp-content\/uploads\/2024\/10\/Cascos-JVC-1152x1536.jpg 1152w, https:\/\/www.apagayvamonos.com\/wp-content\/uploads\/2024\/10\/Cascos-JVC-1536x2048.jpg 1536w, https:\/\/www.apagayvamonos.com\/wp-content\/uploads\/2024\/10\/Cascos-JVC-scaled.jpg 1920w\" sizes=\"(max-width: 768px) 100vw, 768px\" \/><\/figure>\n<\/figure>\n<\/div>\n<\/div>\n<\/div>\n\n\n\n<div class=\"wp-block-column is-layout-flow wp-block-column-is-layout-flow\" style=\"flex-basis:50%\">\n<figure class=\"wp-block-image size-large is-resized\"><img loading=\"lazy\" decoding=\"async\" width=\"768\" height=\"1024\" src=\"https:\/\/www.apagayvamonos.com\/wp-content\/uploads\/2024\/10\/20241018_114934-768x1024.jpg\" alt=\"\" class=\"wp-image-308\" style=\"width:514px;height:auto\" srcset=\"https:\/\/www.apagayvamonos.com\/wp-content\/uploads\/2024\/10\/20241018_114934-768x1024.jpg 768w, https:\/\/www.apagayvamonos.com\/wp-content\/uploads\/2024\/10\/20241018_114934-225x300.jpg 225w, https:\/\/www.apagayvamonos.com\/wp-content\/uploads\/2024\/10\/20241018_114934-1152x1536.jpg 1152w, https:\/\/www.apagayvamonos.com\/wp-content\/uploads\/2024\/10\/20241018_114934-1536x2048.jpg 1536w, https:\/\/www.apagayvamonos.com\/wp-content\/uploads\/2024\/10\/20241018_114934-scaled.jpg 1920w\" sizes=\"(max-width: 768px) 100vw, 768px\" \/><\/figure>\n<\/div>\n<\/div>\n\n\n\n<p><\/p>\n\n\n\n<p class=\"has-x-large-font-size\"><strong>El concurso<\/strong><\/p>\n\n\n\n<p class=\"has-large-font-size\"><strong>Familias con hijos entre 0 y 12 a\u00f1os<\/strong><\/p>\n\n\n\n<p>En el caso de los padres y las madres con menores de 0 a 12 a\u00f1os os proponemos la visualizaci\u00f3n de dos v\u00eddeos, cuyos enlaces os dejamos a continuaci\u00f3n. El primer v\u00eddeo est\u00e1 m\u00e1s enfocado a los padres y madres, aunque pod\u00e9is verlo con vuestros hijos\/as. El segundo v\u00eddeo pod\u00e9is visualizar todos juntos.<\/p>\n\n\n\n<p><strong><a href=\"https:\/\/www.youtube.com\/watch?v=jmBx1gTH4Ek&amp;t=4s\" target=\"_blank\" rel=\"noreferrer noopener\">V\u00eddeo 1<\/a> <\/strong><\/p>\n\n\n\n<p><strong><a href=\"https:\/\/www.youtube.com\/watch?v=tBObvkx_nOg\" target=\"_blank\" rel=\"noreferrer noopener\">V\u00eddeo 2<\/a><\/strong><\/p>\n\n\n\n<p>Ahora, una vez visualizados los v\u00eddeos, contesta al siguiente cuestionario que te proponemos y participa en el sorteo de un lote de productos de \u00abTierra de sabor\u00bb<\/p>\n\n\n\n<p><strong><a href=\"https:\/\/forms.gle\/6QiBPMkHyQv2jrki6\" target=\"_blank\" rel=\"noreferrer noopener\">Cuestionario<\/a><\/strong><\/p>\n\n\n\n<p class=\"has-large-font-size\"><strong>Adolescentes entre 13 y 16 a\u00f1os<\/strong><\/p>\n\n\n\n<p>Para los adolescentes en esta franja de edad tambi\u00e9n os proponemos un reto similar. Visualiza este v\u00eddeo que te proponemos y te invitamos a que te leas el folleto de la Diputaci\u00f3n de Valladolid. Te dejamos el enlace al v\u00eddeo y al folleto, y posteriormente contesta al cuestionario que te proponemos y participa en el sorteo de esos fant\u00e1sticos cascos JVC:<\/p>\n\n\n\n<p><strong><a href=\"https:\/\/www.youtube.com\/watch?v=qeJbj0mprTQ\" target=\"_blank\" rel=\"noreferrer noopener\">V\u00eddeo<\/a><\/strong><\/p>\n\n\n\n<p><strong><a href=\"https:\/\/www.diputaciondevalladolid.es\/documents\/1166198\/1167472\/Folleto+para+j%C3%B3venes+%C2%A1Nuevo+2022%21\/b40ce12b-8566-4d61-a688-84a1c46deb71\" target=\"_blank\" rel=\"noreferrer noopener\">Folleto<\/a><\/strong><\/p>\n\n\n\n<p>Aprovechamos para invitar a vuestros padres y madres tambi\u00e9n a visualizar los v\u00eddeos que os dejamos a continuaci\u00f3n:<\/p>\n\n\n\n<p><strong><a href=\"https:\/\/www.youtube.com\/watch?v=jmBx1gTH4Ek&amp;t=4s\" target=\"_blank\" rel=\"noreferrer noopener\">V\u00eddeo 1<\/a> <\/strong><\/p>\n\n\n\n<p><strong><a href=\"https:\/\/www.youtube.com\/watch?v=tBObvkx_nOg\" target=\"_blank\" rel=\"noreferrer noopener\">V\u00eddeo 2<\/a><\/strong><\/p>\n\n\n\n<p>Ahora, una vez visualizado el v\u00eddeo y le\u00eddas las dos gu\u00edas, contestar al siguiente cuestionario que te proponemos y participa en el sorteo de <\/p>\n\n\n\n<p><strong><a href=\"https:\/\/forms.gle\/sHBzAhNJcDPFMBDC9\" target=\"_blank\" rel=\"noreferrer noopener\">Cuestionario<\/a><\/strong><\/p>\n","protected":false},"excerpt":{"rendered":"<p>Con la finalidad de seguir adquiriendo conocimientos sobre el uso responsables de las tecnolog\u00edas de la informaci\u00f3n y la comunicaci\u00f3n [&hellip;]<\/p>\n","protected":false},"author":1,"featured_media":0,"parent":0,"menu_order":0,"comment_status":"closed","ping_status":"closed","template":"","meta":{"site-sidebar-layout":"default","site-content-layout":"","ast-site-content-layout":"default","site-content-style":"default","site-sidebar-style":"default","ast-global-header-display":"","ast-banner-title-visibility":"","ast-main-header-display":"","ast-hfb-above-header-display":"","ast-hfb-below-header-display":"","ast-hfb-mobile-header-display":"","site-post-title":"","ast-breadcrumbs-content":"","ast-featured-img":"","footer-sml-layout":"","ast-disable-related-posts":"","theme-transparent-header-meta":"","adv-header-id-meta":"","stick-header-meta":"","header-above-stick-meta":"","header-main-stick-meta":"","header-below-stick-meta":"","astra-migrate-meta-layouts":"default","ast-page-background-enabled":"default","ast-page-background-meta":{"desktop":{"background-color":"var(--ast-global-color-4)","background-image":"","background-repeat":"repeat","background-position":"center center","background-size":"auto","background-attachment":"scroll","background-type":"","background-media":"","overlay-type":"","overlay-color":"","overlay-opacity":"","overlay-gradient":""},"tablet":{"background-color":"","background-image":"","background-repeat":"repeat","background-position":"center center","background-size":"auto","background-attachment":"scroll","background-type":"","background-media":"","overlay-type":"","overlay-color":"","overlay-opacity":"","overlay-gradient":""},"mobile":{"background-color":"","background-image":"","background-repeat":"repeat","background-position":"center center","background-size":"auto","background-attachment":"scroll","background-type":"","background-media":"","overlay-type":"","overlay-color":"","overlay-opacity":"","overlay-gradient":""}},"ast-content-background-meta":{"desktop":{"background-color":"var(--ast-global-color-5)","background-image":"","background-repeat":"repeat","background-position":"center center","background-size":"auto","background-attachment":"scroll","background-type":"","background-media":"","overlay-type":"","overlay-color":"","overlay-opacity":"","overlay-gradient":""},"tablet":{"background-color":"var(--ast-global-color-5)","background-image":"","background-repeat":"repeat","background-position":"center center","background-size":"auto","background-attachment":"scroll","background-type":"","background-media":"","overlay-type":"","overlay-color":"","overlay-opacity":"","overlay-gradient":""},"mobile":{"background-color":"var(--ast-global-color-5)","background-image":"","background-repeat":"repeat","background-position":"center center","background-size":"auto","background-attachment":"scroll","background-type":"","background-media":"","overlay-type":"","overlay-color":"","overlay-opacity":"","overlay-gradient":""}},"footnotes":""},"_links":{"self":[{"href":"https:\/\/www.apagayvamonos.com\/index.php\/wp-json\/wp\/v2\/pages\/290"}],"collection":[{"href":"https:\/\/www.apagayvamonos.com\/index.php\/wp-json\/wp\/v2\/pages"}],"about":[{"href":"https:\/\/www.apagayvamonos.com\/index.php\/wp-json\/wp\/v2\/types\/page"}],"author":[{"embeddable":true,"href":"https:\/\/www.apagayvamonos.com\/index.php\/wp-json\/wp\/v2\/users\/1"}],"replies":[{"embeddable":true,"href":"https:\/\/www.apagayvamonos.com\/index.php\/wp-json\/wp\/v2\/comments?post=290"}],"version-history":[{"count":15,"href":"https:\/\/www.apagayvamonos.com\/index.php\/wp-json\/wp\/v2\/pages\/290\/revisions"}],"predecessor-version":[{"id":326,"href":"https:\/\/www.apagayvamonos.com\/index.php\/wp-json\/wp\/v2\/pages\/290\/revisions\/326"}],"wp:attachment":[{"href":"https:\/\/www.apagayvamonos.com\/index.php\/wp-json\/wp\/v2\/media?parent=290"}],"curies":[{"name":"wp","href":"https:\/\/api.w.org\/{rel}","templated":true}]}}