{"id":53,"date":"2024-03-06T19:00:45","date_gmt":"2024-03-06T19:00:45","guid":{"rendered":"https:\/\/www.apagayvamonos.com\/?page_id=53"},"modified":"2026-03-10T19:04:01","modified_gmt":"2026-03-10T19:04:01","slug":"pasos-del-proyecto","status":"publish","type":"page","link":"https:\/\/www.apagayvamonos.com\/index.php\/inicio\/pasos-del-proyecto\/","title":{"rendered":"Pasos del proyecto"},"content":{"rendered":"\n<p class=\"has-ast-global-color-8-color has-text-color has-link-color wp-elements-41d05683ede04b7efc4bc5ad0db3fb0f\">Vamos a tratar de explicaros el proyecto paso a paso<\/p>\n\n\n\n<figure class=\"wp-block-image alignright size-full is-resized\"><img loading=\"lazy\" decoding=\"async\" width=\"745\" height=\"697\" src=\"https:\/\/www.apagayvamonos.com\/wp-content\/uploads\/2024\/03\/imagen-apaga.jpg\" alt=\"\" class=\"wp-image-29\" style=\"width:606px;height:auto\" srcset=\"https:\/\/www.apagayvamonos.com\/wp-content\/uploads\/2024\/03\/imagen-apaga.jpg 745w, https:\/\/www.apagayvamonos.com\/wp-content\/uploads\/2024\/03\/imagen-apaga-300x281.jpg 300w\" sizes=\"(max-width: 745px) 100vw, 745px\" \/><\/figure>\n\n\n\n<ol class=\"has-ast-global-color-8-color has-text-color has-link-color wp-elements-26ede118b2c88636f3c2fd9b8f1b6ac6\">\n<li><strong>Fase de dise\u00f1o:<\/strong> hemos dise\u00f1ado todo el proyecto, despu\u00e9s de la fase de documentaci\u00f3n y de contemplar una necesidad creciente en la poblaci\u00f3n, demandada por las propias familias, profesionales y entidades, que llevan ya un tiempo dando la voz de alarma de la cantidad de problemas, que crecen en tipo y n\u00famero, que el uso temprano e irresponsable por la poblaci\u00f3n menor de edad de las TIC, est\u00e1 produciendo, nos vimos en la necesidad de dar un paso m\u00e1s en la mera formaci\u00f3n y sensibilizaci\u00f3n de la sociedad. Una vez establecidos los objetivos principales, se elige estrat\u00e9gicamente una localidad de la provincia de Valladolid para iniciar un programa piloto que englobara a toda una localidad, a sus familias y responsables.<\/li>\n\n\n\n<li><strong>Fase de contactos:<\/strong> una vez elegida la localidad, los objetivos y las distintas acciones propuestas para su desarrollo, se contacta y se realizan reuniones entre Diputaci\u00f3n de Valladolid, responsables pol\u00edticos de la localidad escogida, responsables de los centros educativos, responsables de ocio juvenil de la localidad, coordinador del proyecto y otros entes implicados para explicar el proyecto y pedir la m\u00e1xima colaboraci\u00f3n.<\/li>\n\n\n\n<li><strong>Fase de difusi\u00f3n:<\/strong> en esta tercera fase se est\u00e1n manteniendo reuniones con los responsables de los centros educativos, los profesionales de la docencia y las familias, para explicar el proyecto con mayor detalle y pedir la m\u00e1xima implicaci\u00f3n, ya que ser\u00e1n las familias las que deben poner en marcha una serie de medidas a implantar para hacer un uso responsable de las TIC por los y las menores, pero tambi\u00e9n por parte de todo su entorno.<\/li>\n\n\n\n<li><strong>Fase de diagn\u00f3stico inicial: <\/strong>se han elaborando, con la ayuda de una empresa especializada, una serie de cuestionarios que deber\u00e1n cumplimentar familias, menores y docentes, con el fin de poder recoger el diagn\u00f3stico de la situaci\u00f3n actual con respecto a este tema en la localidad, midiendo una serie de variables de c\u00f3mo incide el uso de las TIC en la salud, relaciones, en la familia, en el \u00e1mbito acad\u00e9mico, etc. Al finalizar el proyecto se medir\u00e1n de nuevo a trav\u00e9s de los cuestionarios para poder evaluar si las medidas propuestas e implantadas han tenido su efecto (consultar apartado de \u00ab<strong><a href=\"https:\/\/www.apagayvamonos.com\/index.php\/inicio\/encuestas\/\" data-type=\"link\" data-id=\"https:\/\/www.apagayvamonos.com\/index.php\/inicio\/encuestas\/\" target=\"_blank\" rel=\"noreferrer noopener\">encuestas<\/a><\/strong>\u00ab)<\/li>\n\n\n\n<li><strong>Fase de formaci\u00f3n: <\/strong>se va a realizar formaci\u00f3n espec\u00edfica para menores y para las familias en relaci\u00f3n a los problemas de las TIC cuando se da una acceso demasiado temprano o se hace un uso irresponsable y, adem\u00e1s, se les dar\u00e1n pautas para una educaci\u00f3n digital adecuada de los y las menores de edad desde la familia (consultar apartado de \u00ab<a href=\"https:\/\/www.apagayvamonos.com\/index.php\/inicio\/eventos\/\" data-type=\"link\" data-id=\"https:\/\/www.apagayvamonos.com\/index.php\/inicio\/eventos\/\" target=\"_blank\" rel=\"noreferrer noopener\"><strong>eventos<\/strong><\/a>\u00ab)<\/li>\n\n\n\n<li><strong>Fase de ocio alternativo: <\/strong>tanto por parte de la Diputaci\u00f3n como del Ayuntamiento de la localidad, se tratar\u00e1 de poner en marcha m\u00e1s actividades l\u00fadicas, culturales y deportivas, que promueven un ocio saludable entre la poblaci\u00f3n juvenil como una parte m\u00e1s de este proyecto.<\/li>\n\n\n\n<li><strong>Fase de evaluaci\u00f3n final:<\/strong> al finalizar el periodo de tiempo que dura el proyecto, se volver\u00e1n a pasar las encuestas para valorar si las distintas variables que se han medido, han sufrido mejor\u00edas despu\u00e9s de la implantaci\u00f3n de las medidas propuestas a las familias.<\/li>\n\n\n\n<li><strong>Fase de an\u00e1lisis y difusi\u00f3n de los resultados:<\/strong> con el resultado de la evaluaci\u00f3n final se realizar\u00e1 una difusi\u00f3n de los mismos, esperando, con toda nuestra ilusi\u00f3n, que en el futuro se pueda mantener el programa en esta localidad y se puede llevar a m\u00e1s localidades.<\/li>\n<\/ol>\n","protected":false},"excerpt":{"rendered":"<p>Vamos a tratar de explicaros el proyecto paso a paso<\/p>\n","protected":false},"author":1,"featured_media":0,"parent":14,"menu_order":0,"comment_status":"closed","ping_status":"closed","template":"","meta":{"site-sidebar-layout":"default","site-content-layout":"","ast-site-content-layout":"default","site-content-style":"default","site-sidebar-style":"default","ast-global-header-display":"","ast-banner-title-visibility":"","ast-main-header-display":"","ast-hfb-above-header-display":"","ast-hfb-below-header-display":"","ast-hfb-mobile-header-display":"","site-post-title":"","ast-breadcrumbs-content":"","ast-featured-img":"","footer-sml-layout":"","ast-disable-related-posts":"","theme-transparent-header-meta":"","adv-header-id-meta":"","stick-header-meta":"","header-above-stick-meta":"","header-main-stick-meta":"","header-below-stick-meta":"","astra-migrate-meta-layouts":"default","ast-page-background-enabled":"default","ast-page-background-meta":{"desktop":{"background-color":"var(--ast-global-color-4)","background-image":"","background-repeat":"repeat","background-position":"center center","background-size":"auto","background-attachment":"scroll","background-type":"","background-media":"","overlay-type":"","overlay-color":"","overlay-opacity":"","overlay-gradient":""},"tablet":{"background-color":"","background-image":"","background-repeat":"repeat","background-position":"center center","background-size":"auto","background-attachment":"scroll","background-type":"","background-media":"","overlay-type":"","overlay-color":"","overlay-opacity":"","overlay-gradient":""},"mobile":{"background-color":"","background-image":"","background-repeat":"repeat","background-position":"center center","background-size":"auto","background-attachment":"scroll","background-type":"","background-media":"","overlay-type":"","overlay-color":"","overlay-opacity":"","overlay-gradient":""}},"ast-content-background-meta":{"desktop":{"background-color":"var(--ast-global-color-5)","background-image":"","background-repeat":"repeat","background-position":"center center","background-size":"auto","background-attachment":"scroll","background-type":"","background-media":"","overlay-type":"","overlay-color":"","overlay-opacity":"","overlay-gradient":""},"tablet":{"background-color":"var(--ast-global-color-5)","background-image":"","background-repeat":"repeat","background-position":"center center","background-size":"auto","background-attachment":"scroll","background-type":"","background-media":"","overlay-type":"","overlay-color":"","overlay-opacity":"","overlay-gradient":""},"mobile":{"background-color":"var(--ast-global-color-5)","background-image":"","background-repeat":"repeat","background-position":"center center","background-size":"auto","background-attachment":"scroll","background-type":"","background-media":"","overlay-type":"","overlay-color":"","overlay-opacity":"","overlay-gradient":""}},"footnotes":""},"_links":{"self":[{"href":"https:\/\/www.apagayvamonos.com\/index.php\/wp-json\/wp\/v2\/pages\/53"}],"collection":[{"href":"https:\/\/www.apagayvamonos.com\/index.php\/wp-json\/wp\/v2\/pages"}],"about":[{"href":"https:\/\/www.apagayvamonos.com\/index.php\/wp-json\/wp\/v2\/types\/page"}],"author":[{"embeddable":true,"href":"https:\/\/www.apagayvamonos.com\/index.php\/wp-json\/wp\/v2\/users\/1"}],"replies":[{"embeddable":true,"href":"https:\/\/www.apagayvamonos.com\/index.php\/wp-json\/wp\/v2\/comments?post=53"}],"version-history":[{"count":6,"href":"https:\/\/www.apagayvamonos.com\/index.php\/wp-json\/wp\/v2\/pages\/53\/revisions"}],"predecessor-version":[{"id":323,"href":"https:\/\/www.apagayvamonos.com\/index.php\/wp-json\/wp\/v2\/pages\/53\/revisions\/323"}],"up":[{"embeddable":true,"href":"https:\/\/www.apagayvamonos.com\/index.php\/wp-json\/wp\/v2\/pages\/14"}],"wp:attachment":[{"href":"https:\/\/www.apagayvamonos.com\/index.php\/wp-json\/wp\/v2\/media?parent=53"}],"curies":[{"name":"wp","href":"https:\/\/api.w.org\/{rel}","templated":true}]}}